divide 7425?
True
Is 11647 a multiple of 26?
False
Is 8 a factor of 6432?
True
Is 68 a factor of 2380?
True
Does 23 divide 41001?
False
Is 16771 a multiple of 171?
False
Is 49 a factor of 9898?
True
Is 7 a factor of 280?
True
Is 54 a factor of 2050?
False
Is 16 a factor of 59891?
False
Is 140801 a multiple of 191?
False
Is 3 a factor of 19223?
False
Is 15 a multiple of 2?
False
Is 24 a factor of 75555?
False
Does 62 divide 37696?
True
Is 5220 a multiple of 145?
True
Is 125 a multiple of 5?
True
Is 122 even?
True
Is 640 a multiple of 40?
True
Is 41 a factor of 141?
False
Is 3 a factor of 485?
False
Does 13 divide 6520?
False
Is 6096 a multiple of 48?
True
Is 4075 a multiple of 24?
False
Does 4 divide 116?
True
Is 68343 a multiple of 19?
True
Is 37267 a multiple of 98?
False
Is 15249 a multiple of 39?
True
Is 1192 a multiple of 5?
False
Is 23812 a multiple of 109?
False
Is 5 a factor of 352?
False
Does 110 divide 660?
True
Does 7 divide 287?
True
Is 2530 a multiple of 199?
False
Is 43 a factor of 43?
True
Is 43 a factor of 15523?
True
Is 14 a factor of 100142?
True
Is 48 a factor of 23718?
False
Is 13286 a multiple of 13?
True
Is 1235 a multiple of 34?
False
Is 96 a factor of 96577?
False
Is 1398 a multiple of 32?
False
Is 65924 a multiple of 38?
False
Does 298 divide 2086?
True
Is 493 a multiple of 20?
False
Is 4538 a multiple of 75?
False
Does 14 divide 23921?
False
Is 11696 a multiple of 43?
True
Is 282 a multiple of 36?
False
Is 5 a factor of 1190?
True
Is 17960 a multiple of 40?
True
Is 6 a factor of 1830?
True
Is 159 a factor of 4929?
True
Is 92 a factor of 26312?
True
Does 56 divide 3752?
True
Is 9216 a multiple of 18?
True
Does 4 divide 112?
True
Is 3 a factor of 5631?
True
Is 118 a factor of 49640?
False
Is 19 a factor of 16103?
False
Is 189 a multiple of 27?
True
Is 30 a factor of 36100?
False
Is 16797 a multiple of 33?
True
Is 4444 a multiple of 44?
True
Is 66640 a multiple of 98?
True
Is 17 a factor of 1003?
True
Is 135770 a multiple of 30?
False
Is 20 a factor of 3360?
True
Is 1273 a multiple of 19?
True
Is 50 a multiple of 3?
False
Does 16 divide 8144?
True
Does 19 divide 1000?
False
Is 14578 a multiple of 140?
False
Is 30 a factor of 105236?
False
Is 3030 a multiple of 7?
False
Does 5 divide 12?
False
Is 67 a factor of 1484?
False
Is 2772 a multiple of 18?
True
Is 124001 a multiple of 16?
False
Is 126829 a multiple of 69?
False
Is 13724 a multiple of 73?
True
Is 62 a factor of 25464?
False
Is 17986 a multiple of 34?
True
Does 8 divide 2704?
True
Is 16 a factor of 3079?
False
Is 142 a multiple of 14?
False
Is 5 a factor of 1054?
False
Is 1922 a multiple of 16?
False
Is 5641 a multiple of 36?
False
Is 99 a multiple of 33?
True
Is 60543 a multiple of 93?
True
Is 117171 a multiple of 423?
True
Does 59 divide 177?
True
Does 4 divide 1064?
True
Does 2 divide 1708?
True
Is 2 a factor of 168?
True
Does 14 divide 3682?
True
Is 168 a multiple of 7?
True
Is 18 a factor of 397?
False
Is 1356 a multiple of 4?
True
Is 1125 a multiple of 9?
True
Is 6 a factor of 246?
True
Is 322 a multiple of 2?
True
Does 36 divide 864?
True
Is 4251 a multiple of 46?
False
Is 800 a multiple of 16?
True
Does 33 divide 994?
False
Does 60 divide 33300?
True
Is 57 a factor of 41658?
False
Is 417 a multiple of 18?
False
Is 95 a factor of 3040?
True
Is 14 a factor of 70?
True
Is 6546 even?
True
Does 42 divide 2297?
False
Is 23606 a multiple of 29?
True
Is 6 a factor of 492?
True
Is 880 a multiple of 80?
True
Is 8982 a multiple of 9?
True
Is 4585 a multiple of 35?
True
Is 2428 a multiple of 4?
True
Is 72 a multiple of 18?
True
Is 396 a multiple of 22?
True
Is 13 a factor of 1352?
True
Does 27 divide 7653?
False
Is 10572 a multiple of 4?
True
Does 10 divide 579?
False
Does 21 divide 4914?
True
Is 8 a factor of 221?
False
Is 35002 a multiple of 22?
True
Does 4 divide 18404?
True
Is 14 a factor of 120?
False
Is 20 a factor of 1500?
True
Is 49 a factor of 147?
True
Is 89 a factor of 4531?
False
Does 16 divide 178?
False
Is 12 a factor of 912?
True
Is 155 a multiple of 8?
False
Does 50 divide 2778?
False
Is 23 a factor of 3749?
True
Is 10 even?
True
Is 6 a factor of 30?
True
Is 5590 a multiple of 43?
True
Does 22 divide 2656?
False
Does 49 divide 39587?
False
Is 27155 a multiple of 5?
True
Is 701 a multiple of 9?
False
Is 643 a multiple of 12?
False
Is 13 a factor of 180492?
True
Is 11 a factor of 1012?
True
Is 108 a multiple of 4?
True
Does 9 divide 1741?
False
Is 135375 a multiple of 95?
True
Is 61 a factor of 8845?
True
Is 24 a factor of 38568?
True
Does 129 divide 11820?
False
Is 621 a multiple of 68?
False
Is 10 a factor of 4083?
False
Is 46299 a multiple of 33?
True
Is 22 a factor of 22?
True
Is 4 a factor of 968?
True
Is 45 a factor of 540?
True
Is 22 a factor of 386?
False
Is 3 a factor of 935?
False
Does 161 divide 5377?
False
Does 163 divide 978?
True
Is 15 a factor of 3105?
True
Is 47 a factor of 545?
False
Is 11745 a multiple of 87?
True
Does 23 divide 16560?
True
Is 25 a factor of 1575?
True
Is 36 a factor of 2422?
False
Does 127 divide 4753?
False
Is 16632 a multiple of 67?
False
Does 20 divide 1300?
True
Is 18 a factor of 46890?
True
Is 60 a factor of 264?
False
Is 16096 a multiple of 141?
False
Is 45 a factor of 586?
False
Does 5 divide 27932?
False
Is 3655 a multiple of 148?
False
Does 3 divide 30122?
False
Is 86 a multiple of 43?
True
Is 1374 a multiple of 5?
False
Is 10 a factor of 851?
False
Does 54 divide 6642?
True
Is 5 a factor of 380?
True
Is 35 a factor of 9887?
False
Does 10 divide 1206?
False
Does 34 divide 2653?
False
Is 259 a multiple of 34?
False
Is 244 a multiple of 39?
False
Does 29 divide 5527?
False
Is 26 a factor of 8502?
True
Does 86 divide 109?
False
Is 1320 a multiple of 11?
True
Does 17 divide 4930?
True
Does 195 divide 30628?
False
Is 281 a factor of 33339?
False
Does 8 divide 2648?
True
Is 11020 a multiple of 14?
False
Does 4 divide 178?
False
Does 10 divide 7230?
True
Is 4937 a multiple of 23?
False
Does 73 divide 1098?
False
Is 4 a factor of 60?
True
Does 6 divide 1525?
False
Is 17 a factor of 1465?
False
Is 23 a factor of 575?
True
Does 70 divide 26110?
True
Is 5016 a multiple of 11?
True
Does 14 divide 4226?
False
Is 109 a factor of 49488?
False
Does 2 divide 597?
False
Is 130 a factor of 36010?
True
Is 97 a factor of 12610?
True
Is 63 a factor of 2331?
True
Is 59815 a multiple of 47?
False
Is 36 a factor of 144?
True
Is 13007 a multiple of 9?
False
Does 160 divide 14517?
False
Does 37 divide 13135?
True
Is 13252 a multiple of 35?
False
Is 29 a factor of 19256?
True
Is 5142 a multiple of 3?
True
Is 1030 a multiple of 72?
False
Is 180 a multiple of 12?
True
Is 5431 a multiple of 82?
False
Is 12900 a multiple of 12?
True
Is 43 a factor of 15400?
False
Is 36 a factor of 3420?
True
Is 634 a multiple of 2?
True
Is 2820 a multiple of 60?
True
Does 10 divide 2810?
True
Does 62 divide 33817?
False
Is 11 a factor of 286?
True
Does 91 divide 778?
False
Is 3794 a multiple of 14?
True
Is 85 a factor of 4039?
False
Is 5184 a multiple of 81?
True
Is 13 a factor of 34636?
False
Is 15444 a multiple of 150?
False
Is 11396 a multiple of 14?
True
Does 12 divide 231?
False
Is 1011 a multiple of 12?
False
Is 210 a multiple of 15?
True
Is 85 a factor of 32215?
True
Is 9 a factor of 2103?
False
Does 18 divide 99?
False
Is 93892 a multiple of 44?
False
Does 6 divide 1644?
True
Is 14 a factor of 401?
False
Is 2297 a multiple of 109?
False
Does 5 divide 11545?
True
Does 26 divide 313?
False
Is 15 a factor of 2269?
False
Does 4 divide 125?
False
Does 18 divide 101781?
False
Is 41 a factor of 374?
False
Does 12 divide 635?
False
Does 6 divide 180?
True
Is 1785 a multiple of 85?
True
Does 18 divide 75006?
True
Does 6 divide 1436?
False
Is 179 a multiple of 5?
False
Is 20688 a multiple of 16?
True
Is 18 a factor of 450?
True
Does 10 divide 180?
True
Is 1440 a multiple of 6?
True
Does 11 divide 454?
False
Is 17216 a multiple of 8?
True
Is 41216 a multiple of 91?
False
Is 1471 a multiple of 4?
False
Is 42 a factor of 3769?
False
Is 11 a factor of 6732?
True
Is 5677 a multiple of 64?
False
Is 6 a factor of 762?
True
Does 11 divide 20374?
False
Is 745 a multiple of 3?
False
Does 65 divide 4988?
False
Is 18798 a multiple of 241?
True
Does 19 divide 475?
True
